 be c(3). What is the greatest common divisor of p and j?
18
Let u(l) = l**2 + 5*l - 11. Let a be u(-8). Suppose 3*y = a + 29. Let c = y + 139. Calculate the highest common factor of c and 17.
17
Let c(a) = -a**3 + 6*a**2 - 3*a + 7. Let r be c(6). Let v = 21 + r. Calculate the greatest common divisor of v and 40.
10
Let v(w) = -w + 2. Let r(y) = 1. Let u(s) = -4*r(s) + v(s). Let f be u(-4). Suppose -2 = -p + f. Calculate the greatest common factor of 16 and p.
4
Suppose -4*m = 3*o - 92, 2*m - 82 = 3*o - 6*o. What is the highest common divisor of 3 and o?
3
Let h = -3 - -6. Let j(f) = -f**2 + 10*f + 8. Let u(i) = -i**3 + 8. Let n be u(0). Let c be j(n). What is the highest common divisor of h and c?
3
Let l(z) be the first derivative of 10*z**3/3 - 2*z**2 - 3*z - 2. Let v be l(-3). Let s = -54 + v. What is the highest common divisor of s and 15?
15
Suppose -2*a + 662 = 156. What is the greatest common factor of a and 11?
11
Suppose 0 = 4*v - r - 544, -v + 3*r + 123 = 6*r. Calculate the highest common divisor of 27 and v.
27
Suppose -2*o + 36 - 12 = 0. Calculate the highest common factor of 36 and o.
12
Let t = 0 - -2. Suppose -2*a + 0*a = c - 264, t*a - 5*c - 264 = 0. What is the greatest common factor of a and 12?
12
Suppose 345 = 5*y - 0*c - 5*c, -5*y = -3*c - 335. Suppose 0 = 5*x - 3*j - 40, 2*j - 2 = -x + 6. What is the greatest common divisor of x and y?
8
Let m(l) = l + 10. Let y be m(0). What is the greatest common factor of y and 70?
10
Suppose q = 0, 4*v + 0*q - 540 = -3*q. What is the highest common divisor of 15 and v?
15
Let g(q) = -1 - q**3 + 1 + 5*q + 2 + 4 + 4*q**2. Let z be g(5). What is the highest common divisor of 3 and z?
3
Let a be -1*20 + 2 - -1. Let x = 38 + a. Calculate the highest common factor of x and 231.
21
Suppose -4*a + 2*a - 5*h + 5 = 0, -3 = -a - 3*h. Let q = 2 + -3. Let w be (q + 50)*(1 - a). Calculate the greatest common divisor of 7 and w.
7
Suppose 0 = -7*o + 9*o - 52. What is the greatest common divisor of 234 and o?
26
Let p = -4 - -18. What is the highest common divisor of 56 and p?
14
Suppose c - 5 - 23 = -3*b, b + 12 = 5*c. What is the greatest common divisor of 12 and b?
4
Suppose 8*k - 9*k + 144 = 0. What is the highest common factor of 36 and k?
36
Suppose -5*w + 261 = -9. Suppose 3*z + 9 = w. What is the greatest common factor of 15 and z?
15
Let d be 1 - -2 - 5 - -4. Suppose f + 6*n - 3 = 5*n, d*f - n = 21. Let a be 1 + -62*3/(-6). Calculate the greatest common divisor of f and a.
8
Let w(n) = 10*n**3 - 2*n**2 + n. Let q be w(1). What is the greatest common factor of q and 18?
9
Let l(s) = -47*s + 2. Let o be l(-2). Calculate the greatest common factor of 12 and o.
12
Suppose 2*j + 2*j - 16 = 0. Suppose 10 = 4*d - 10. Suppose -2*q + 87 = 5*b - d*q, 3*b + j*q = 58. What is the greatest common factor of 126 and b?
18
Let n = -18 + 20. Let g be 62/n + 4/(-1). Calculate the greatest common divisor of 18 and g.
9
Let j(n) = -2*n - 6. Let i be j(-13). Let f be 2 + -3 - -81*1. What is the highest common divisor of i and f?
20
Suppose 29 = 4*c + 5*h - 7, 3*c - 46 = h. Calculate the greatest common factor of 7 and c.
7
Let c(t) = -3*t**3 - 1. Suppose z - 3 = 4*z. Let s be c(z). Suppose o + s - 6 = 0. What is the greatest common factor of 36 and o?
4
Let t = -25 - -39. Calculate the highest common factor of 56 and t.
14
Suppose 0 = -2*f - u + 31, f - 11 = -3*u + 2. What is the highest common divisor of f and 4?
4
Let p(y) = -y**3 - 8*y**2 - 9*y - 8. Let s be p(-7). Let l(x) = -x**3 + 3*x**2 + 6*x + 7. Let n be l(4). What is the highest common divisor of s and n?
3
Suppose -y - 12 = 4*s, -2 = -5*y - 3*s + 6. Suppose y*z - 3*g - 1 = 9, 4*z = -g + 2. What is the highest common divisor of 4 and z?
1
Let d = 92 - 87. Calculate the highest common divisor of d and 55.
5
Suppose -5*u = -2*p - 17, 3*u + 21 = -4*p - 0*u. Let j = -2 - p. Let h be 86*(-3)/(-6) - 3. Calculate the greatest common factor of j and h.
4
Let k be (-49)/(-4) + 3/(-12). Calculate the greatest common divisor of k and 108.
12
Let w be 3/5 + 594/110. Calculate the greatest common divisor of 54 and w.
6
Let p be (-10)/(2 + 5/(-2)). Calculate the highest common factor of p and 10.
10
Suppose -9 = 9*h - 108. What is the greatest common divisor of h and 88?
11
Let b(g) = g**3 - g - 2. Let r be b(2). What is the greatest common factor of r and 20?
4
Let r be 14 - 1*(3 - 5). Calculate the highest common factor of 32 and r.
16
Suppose -3*s = 5*k + 2*s - 55, 25 = 2*k - s. What is the greatest common factor of k and 12?
12
Suppose -5*d = -4*r + 46, 0 = -0*d - 4*d - r - 20. Let s = 8 + d. Let v be s/7 + 20/28. Calculate the greatest common factor of v and 1.
1
Let q be (-8)/44 - 178/(-11). Calculate the greatest common factor of 4 and q.
4
Let w be 15/2*20/6. Suppose 5*o = -25, 2*d = -3*d + 5*o + w. Let l be 1 + d + 2 + 2. What is the greatest common factor of l and 10?
5
Let v = 96 - 86. Calculate the highest common factor of 30 and v.
10
Let h be (10/(-2))/((-9)/189). Calculate the highest common divisor of 21 and h.
21
Let s(y) = 11*y - 33. Let m be s(6). Calculate the greatest common factor of 165 and m.
33
Suppose -5*d - 4*c = 16, -4 = d - 0*d + c. Suppose -2*t - 4*z = -d*t - 12, 2*z - 30 = -4*t. What is the greatest common factor of t and 20?
4
Let b(v) = -13*v - 2. Let q be b(-2). Calculate the highest common divisor of q and 4.
4
Let d be (-1)/3 - 7/(-3). Let h = -2 + 3. Let r be (h/3)/(3/72). Calculate the greatest common factor of r and d.
2
Suppose -486 = -3*y + 3*c, 2*y - 158 = y - c. Suppose -2*w + 112 = -y. Let x be 212/12 - 6/9. Calculate the highest common factor of w and x.
17
Suppose 6 = i - 69. Calculate the greatest common factor of 15 and i.
15
Suppose -l + 61 = 4*v, 4*l + 5*v - 23 = 188. Let u be -3*(-1 + 0)*l. What is the greatest common factor of u and 21?
21
Let g(f) = -22*f. Let c = 4 - 9. Let u be g(c). What is the highest common factor of 44 and u?
22
Let z(h) = -7*h - 1. Let g be z(-3). Calculate the greatest common divisor of g and 30.
10
Suppose -1584 = -5*x + x. What is the highest common factor of x and 36?
36
Let o = 220 - 80. Suppose 0 = w - 2*s - 14, 2*s + s = -9. Let q be o/w*(-8)/(-10). What is the greatest common factor of 14 and q?
14
Let r(q) = 13*q**2 - 11*q + 6. Let z be r(4). Suppose h - 3*h = -z. Calculate the greatest common divisor of h and 17.
17
Let j be (-4 - -3)/((-1)/56). What is the greatest common divisor of 14 and j?
14
Let a = 3 + 20. What is the highest common factor of 92 and a?
23
Suppose 0 = -t + 3 + 3. Let p = t - -1. What is the greatest common divisor of p and 7?
7
Let m be (4 + -7 + 4)*0. Let z be (16/(-12))/(1/(-3)). Suppose 5*h + 430 = 3*s + 4*h, m = z*s + h - 571. Calculate the greatest common factor of 13 and s.
13
Let z = 74 - 34. What is the highest common factor of 10 and z?
10
Let a = 81 + -43. Let k be (-6)/(-4)*3/((-36)/(-152)). Calculate the highest common divisor of a and k.
19
Let q be -2 + 3 - -32 - 2. Let x(j) = 6*j**2 - 3. Let a be x(2). Suppose -2*o + q = -a. What is the greatest common divisor of 39 and o?
13
Let r be (-44)/(-16) + -3 - 322/(-8). Calculate the highest common factor of r and 160.
40
Suppose -5*f = 11 - 61. Suppose 3*g = g + 16. Let t be g + 1 - 1/(-1). Calculate the highest common factor of f and t.
10
Let o be (-33)/11 - (-1 - 65). Suppose 4 = -4*f, 5*y - 2*f - 148 = -41. What is the highest common divisor of o and y?
21
Let p be -2 + 2 - (-100)/5. Suppose -123 = 4*w - 5*f, -w - 4*f - 205 = 4*w. Let r = p - w. Calculate the highest common factor of r and 38.
19
Let g be 2/(-2 + 0) - -3. Let a be (g - -13)/((-3)/(-6)). Suppose -3*k - u + 20 = -2*u, -a = -5*k + u. Calculate the greatest common divisor of 10 and k.
5
Let y = -18 - -21. Suppose -j = g - 135, 37 - 178 = -g - y*j. Calculate the greatest common divisor of 12 and g.
12
Suppose 0 = 8*j - 99 - 29. What is the highest common divisor of 4 and j?
4
Let b = -19 + 31. What is the highest common divisor of b and 24?
12
Let g(r) = -r**2 - r + 1. Let m be g(-6). Let i = -17 - m. Suppose -w + t + 167 = w, -2 = -2*t. What is the highest common divisor of i and w?
12
Let d(z) = z**2 - 8*z - 1. Let n be d(9). Suppose 5*p - 55 = -i - 4*i, n = p + 4*i. Calculate the highest common factor of 84 and p.
12
Let u(x)